{"id":38,"date":"2023-10-23T12:40:36","date_gmt":"2023-10-23T12:40:36","guid":{"rendered":"http:\/\/www.nectart.ch\/Wpress\/?page_id=38"},"modified":"2023-10-28T09:46:10","modified_gmt":"2023-10-28T09:46:10","slug":"calligraphie","status":"publish","type":"page","link":"https:\/\/www.nectart.ch\/Wpress\/calligraphie\/","title":{"rendered":"Calligraphie"},"content":{"rendered":"\n<div>Emission TV:<\/div>\n\n\n\n<div>&nbsp;<\/div>\n\n\n\n<div><a href=\"http:\/\/www.rts.ch\/play\/tv\/couleurs-locales\/video\/dominique-zaugg-a-fait-de-la-calligraphie-son-metier?id=6480976\">http:\/\/www.rts.ch\/play\/tv\/couleurs-locales\/video\/dominique-zaugg-a-fait-de-la-calligraphie-son-metier?id=6480976<\/a><\/div>\n\n\n\n<div>&nbsp;<\/div>\n\n\n\n<div>***<\/div>\n\n\n\n<div>&nbsp;<\/div>\n\n\n\n<div>Inscription calligraphi\u00e9e&nbsp;de<\/div>\n\n\n\n<div>Livre d&rsquo;Or<\/div>\n\n\n\n<div>&nbsp;<\/div>\n\n\n\n<div>livre d&rsquo;or Ville de Gen\u00e8ve<\/div>\n\n\n<div class=\"wp-block-image\">\n<figure class=\"aligncenter size-full\"><img decoding=\"async\" loading=\"lazy\" width=\"1015\" height=\"663\" src=\"http:\/\/www.nectart.ch\/Wpress\/wp-content\/uploads\/2023\/10\/web_livre-dor-VG-copier.jpg\" alt=\"\" class=\"wp-image-341\" srcset=\"https:\/\/www.nectart.ch\/Wpress\/wp-content\/uploads\/2023\/10\/web_livre-dor-VG-copier.jpg 1015w, https:\/\/www.nectart.ch\/Wpress\/wp-content\/uploads\/2023\/10\/web_livre-dor-VG-copier-300x196.jpg 300w, https:\/\/www.nectart.ch\/Wpress\/wp-content\/uploads\/2023\/10\/web_livre-dor-VG-copier-768x502.jpg 768w\" sizes=\"(max-width: 1015px) 100vw, 1015px\" \/><\/figure><\/div>\n\n\n<div><\/div>\n\n\n\n<div>&nbsp;livre d&rsquo;or Chancellerie d&rsquo;Etat<\/div>\n\n\n\n<figure class=\"wp-block-image size-large\"><img decoding=\"async\" loading=\"lazy\" width=\"1024\" height=\"562\" src=\"http:\/\/www.nectart.ch\/Wpress\/wp-content\/uploads\/2023\/10\/web_Protocole_-1024x562.jpg\" alt=\"\" class=\"wp-image-343\" srcset=\"https:\/\/www.nectart.ch\/Wpress\/wp-content\/uploads\/2023\/10\/web_Protocole_-1024x562.jpg 1024w, https:\/\/www.nectart.ch\/Wpress\/wp-content\/uploads\/2023\/10\/web_Protocole_-300x165.jpg 300w, https:\/\/www.nectart.ch\/Wpress\/wp-content\/uploads\/2023\/10\/web_Protocole_-768x421.jpg 768w, https:\/\/www.nectart.ch\/Wpress\/wp-content\/uploads\/2023\/10\/web_Protocole_.jpg 1057w\" sizes=\"(max-width: 1024px) 100vw, 1024px\" \/><\/figure>\n\n\n\n<div><\/div>\n\n\n\n<div>&nbsp;<\/div>\n\n\n\n<div>***<\/div>\n\n\n\n<div>&nbsp;<\/div>\n\n\n\n<div>Je fais des calligraphies&nbsp;officielles<\/div>\n\n\n\n<div>ou personnalis\u00e9es&nbsp;sur demande<\/div>\n\n\n\n<div>&nbsp;<\/div>\n\n\n\n<div>***<\/div>\n\n\n<div class=\"wp-block-image\">\n<figure class=\"aligncenter size-large\"><img decoding=\"async\" loading=\"lazy\" width=\"581\" height=\"1024\" src=\"http:\/\/www.nectart.ch\/Wpress\/wp-content\/uploads\/2023\/10\/pome-dz-pour-b-581x1024.jpg\" alt=\"\" class=\"wp-image-316\" srcset=\"https:\/\/www.nectart.ch\/Wpress\/wp-content\/uploads\/2023\/10\/pome-dz-pour-b-581x1024.jpg 581w, https:\/\/www.nectart.ch\/Wpress\/wp-content\/uploads\/2023\/10\/pome-dz-pour-b-170x300.jpg 170w, https:\/\/www.nectart.ch\/Wpress\/wp-content\/uploads\/2023\/10\/pome-dz-pour-b.jpg 681w\" sizes=\"(max-width: 581px) 100vw, 581px\" \/><\/figure><\/div>\n\n\n<div><\/div>\n\n\n\n<div>Po\u00e8me calligraphi\u00e9 sur commande<\/div>\n\n\n\n<div>&nbsp;<\/div>\n\n\n\n<figure class=\"wp-block-image size-full\"><img decoding=\"async\" loading=\"lazy\" width=\"800\" height=\"547\" src=\"http:\/\/www.nectart.ch\/Wpress\/wp-content\/uploads\/2023\/10\/ACTE_DE_BOURGEOISIE_OK_site.jpg\" alt=\"\" class=\"wp-image-232\" srcset=\"https:\/\/www.nectart.ch\/Wpress\/wp-content\/uploads\/2023\/10\/ACTE_DE_BOURGEOISIE_OK_site.jpg 800w, https:\/\/www.nectart.ch\/Wpress\/wp-content\/uploads\/2023\/10\/ACTE_DE_BOURGEOISIE_OK_site-300x205.jpg 300w, https:\/\/www.nectart.ch\/Wpress\/wp-content\/uploads\/2023\/10\/ACTE_DE_BOURGEOISIE_OK_site-768x525.jpg 768w\" sizes=\"(max-width: 800px) 100vw, 800px\" \/><\/figure>\n\n\n\n<div><\/div>\n\n\n\n<div>&nbsp;<\/div>\n\n\n\n<figure class=\"wp-block-image size-full\"><img decoding=\"async\" loading=\"lazy\" width=\"800\" height=\"663\" src=\"http:\/\/www.nectart.ch\/Wpress\/wp-content\/uploads\/2023\/10\/calligraphie_Dominique_Zaugg_site.jpg\" alt=\"\" class=\"wp-image-238\" srcset=\"https:\/\/www.nectart.ch\/Wpress\/wp-content\/uploads\/2023\/10\/calligraphie_Dominique_Zaugg_site.jpg 800w, https:\/\/www.nectart.ch\/Wpress\/wp-content\/uploads\/2023\/10\/calligraphie_Dominique_Zaugg_site-300x249.jpg 300w, https:\/\/www.nectart.ch\/Wpress\/wp-content\/uploads\/2023\/10\/calligraphie_Dominique_Zaugg_site-768x636.jpg 768w\" sizes=\"(max-width: 800px) 100vw, 800px\" \/><\/figure>\n\n\n\n<div><\/div>\n\n\n\n<div>\n<div>&nbsp;<\/div>\n<div>&nbsp;<\/div>\n<div>&nbsp;<\/div>\n<\/div>\n\n\n\n<div>\n<div><hr><\/div>\n<p>Calligraphie<\/p>\n<\/div>\n\n\n\n<p>Je donne des cours de calligraphie de nos lettres latines, et mon enseignement rejoint la philosophie orientale, vous apprenez \u00e0 calligraphier avec le c\u0153ur, le souffle, le silence, l\u2019instant pr\u00e9sent. Derri\u00e8re le trac\u00e9 de la lettre, il y a ce nectar, l\u2019Energie qui habite le calligraphe qui doit y puiser sa source et dire en calligraphiant son message, avec gr\u00e2ce, \u00e9l\u00e9gance et spontan\u00e9it\u00e9.<\/p>\n\n\n\n<p>Mes chefs d\u2019\u0153uvres sont essentiellement mes \u00e9l\u00e8ves. Chefs d\u2019\u0153uvres mouvants, vivants. Vous pourrez visiter la galerie des travaux d\u2019\u00e9l\u00e8ves de cet art d\u2019excellence de la belle \u00e9criture.<\/p>\n\n\n\n<p>Merci \u00e0 Arlette, H\u00e9l\u00e8ne, Nathalie, Pascal et Alena pour la mise \u00e0 disposition de leurs oeuvres.<\/p>\n\n\n\n<p>Toutefois, vous pouvez visionner la vid\u00e9o de d\u00e9monstration de calligraphie r\u00e9alis\u00e9 par Henri Schaerer: D&rsquo;ailleurs le clip passe dans Youtube.com!&nbsp; <a href=\"https:\/\/www.youtube.com\/watch?v=aJHsXA0l35I\">https:\/\/www.youtube.com\/watch?v=aJHsXA0l35I<\/a><\/p>\n\n\n\n<p><em>Ce matin m\u00eame r\u00e9veille-toi, \u00f4 Cygne, l\u00e8ve-toi et suis-moi.<\/em><\/p>\n\n\n\n<p><em>Il est un pays o\u00f9 ni le doute ni la tristesse n\u2019ont d&#8217;empire&nbsp;; o\u00f9 la terreur de la mort n\u2019existe plus.<\/em><\/p>\n\n\n\n<p><em>L\u00e0, les bois du printemps sont en fleurs et leur senteur&nbsp; parfum\u00e9e qui dit: \u00ab&nbsp;Il est Moi&nbsp;\u00bb, <\/em><\/p>\n\n\n\n<p><em>est port\u00e9e sur la brise.<\/em><\/p>\n\n\n\n<p><em>L\u00e0, l\u2019abeille du c\u0153ur plonge profond\u00e9ment dans la fleur et ne d\u00e9sire plus d\u2019autre joie.<\/em><\/p>\n\n\n\n<p><em>Kabir<\/em><\/p>\n\n\n\n<p><em>***<\/em><\/p>\n","protected":false},"excerpt":{"rendered":"<p>Emission TV: &nbsp; http:\/\/www.rts.ch\/play\/tv\/couleurs-locales\/video\/dominique-zaugg-a-fait-de-la-calligraphie-son-metier?id=6480976 &nbsp; *** &nbsp; Inscription calligraphi\u00e9e&nbsp;de Livre d&rsquo;Or &nbsp; livre d&rsquo;or Ville de Gen\u00e8ve &nbsp;livre d&rsquo;or Chancellerie d&rsquo;Etat &nbsp; *** &nbsp; Je fais des calligraphies&nbsp;officielles ou personnalis\u00e9es&nbsp;sur demande &nbsp; *** Po\u00e8me calligraphi\u00e9 sur commande &nbsp; &nbsp; &nbsp; &nbsp; &nbsp; Calligraphie Je donne des cours de calligraphie de nos lettres latines, et mon <a class=\"more-link\" href=\"https:\/\/www.nectart.ch\/Wpress\/calligraphie\/\">Lire plus &#8230;<\/a><\/p>\n","protected":false},"author":1,"featured_media":0,"parent":0,"menu_order":0,"comment_status":"closed","ping_status":"closed","template":"","meta":{"ngg_post_thumbnail":0,"footnotes":""},"_links":{"self":[{"href":"https:\/\/www.nectart.ch\/Wpress\/wp-json\/wp\/v2\/pages\/38"}],"collection":[{"href":"https:\/\/www.nectart.ch\/Wpress\/wp-json\/wp\/v2\/pages"}],"about":[{"href":"https:\/\/www.nectart.ch\/Wpress\/wp-json\/wp\/v2\/types\/page"}],"author":[{"embeddable":true,"href":"https:\/\/www.nectart.ch\/Wpress\/wp-json\/wp\/v2\/users\/1"}],"replies":[{"embeddable":true,"href":"https:\/\/www.nectart.ch\/Wpress\/wp-json\/wp\/v2\/comments?post=38"}],"version-history":[{"count":5,"href":"https:\/\/www.nectart.ch\/Wpress\/wp-json\/wp\/v2\/pages\/38\/revisions"}],"predecessor-version":[{"id":535,"href":"https:\/\/www.nectart.ch\/Wpress\/wp-json\/wp\/v2\/pages\/38\/revisions\/535"}],"wp:attachment":[{"href":"https:\/\/www.nectart.ch\/Wpress\/wp-json\/wp\/v2\/media?parent=38"}],"curies":[{"name":"wp","href":"https:\/\/api.w.org\/{rel}","templated":true}]}}